-2))?
5
What is the value of -3 + 4 + (-2 - (-8 - -2))?
5
(-7 + 6 - 4) + (6 - 9)
-8
Calculate 97 - 100 - (3 + (2 - 1)).
-7
What is the value of (26 - 24) + (-9 - -2) + -4?
-9
What is the value of (3 - 7) + 12 + (-1 - 6)?
1
What is -1 - 0 - (-41 + 39)?
1
Evaluate 0 - 5 - (4 - 1 - 4).
-4
Calculate -2 - (1 - 0 - 2).
-1
Calculate -2 - 5 - (9 - (-6 - -17)).
-5
What is -3 + (-3 + 5 - (1 - 2))?
0
Evaluate 3 - (4 + -1 + 2).
-2
-2 + 8 + -4 - -1
3
4 + 1 + -6 + 1 + 7
7
What is the value of (2 - -1) + -7 + 0?
-4
Evaluate -7 + 14 + 1 - 14.
-6
What is the value of 7 + 1 + 8 + -2 + -9?
5
Calculate 27 - 41 - (-14 + 5).
-5
Evaluate -1 - ((3 + -3 - -4) + -3).
-2
Evaluate 4 + (0 - -1 - (9 + -9)).
5
Evaluate -18 + 3 + -4 + 14.
-5
Calculate 1 + (-5 - -2) + -3.
-5
Calculate (-13 - -1) + (1 - -5) + 6.
0
Evaluate 1 - (2 - (0 - 4 - -1)).
-4
Calculate 1 - (-13 + (-8 - -12)).
10
What is the value of 2 + -6 - (-3 + 0)?
-1
(-22 - -10) + 31 - 9
10
Calculate 2 + (-4 + 8 - 6).
0
What is the value of -7 + -4 + 0 + 11?
0
What is -2 - -5 - 6 - 0?
-3
4 + -4 + 4 + 1
5
Calculate 13 + (-2 - (-1 + 12)).
0
0 + (3 - (2 - -1))
0
What is the value of 0 + -1 + (-5 - (-5 + 1))?
-2
What is 0 + (3 - ((-3 - -9) + 0))?
-3
5 - (-1 + -10 + 21)
-5
Calculate (-57 - -53) + (0 - 3).
-7
What is 3 + (-1 - (3 + (3 - 9)))?
5
What is the value of -4 - -3 - ((4 - 0) + -3)?
-2
17 + 4 - 1 - 10
10
What is the value of 3 - (0 - (-2 + -1))?
0
What is -2 - (-1 - 1 - -3) - 1?
-4
3 + (-1 - 4) + -3 + -1
-6
What is the value of 1 + 7 + -5 - 3?
0
What is (-5 - -1) + (4 - -10 - 8)?
2
Evaluate 3 - (3 + -3) - (-28 - -28).
3
What is the value of (-8 - 1) + -69 + 73?
-5
What is the value of (2 - (2 - (7 + -6))) + -9?
-8
What is 35 + -50 + -1 + 8?
-8
What is -27 + 38 + (0 - 3) - 2?
6
What is (2 + -2 - -3) + (-3 - -2)?
2
What is the value of (-4 - -1 - -9) + -4?
2
Evaluate (10 - -1) + -5 - 1.
5
Calculate -10 + -10 + 21 + 6.
7
-2 + -1 - (-5 - -3) - -1
0
14 - (12 + (0 - 6))
8
-5 + (-5 - -10) - -1
1
What is the value of 3 - (-2 + 4 - -5)?
-4
What is -8 + (-5 + 1 - -8)?
-4
What is the value of 31 + -32 + -1 + 2 + 0?
0
What is -7 - (6 + -3 + (-2 - -2))?
-10
Evaluate (2 - (6 + 0)) + (-8 - -8).
-4
Evaluate -2 + 0 + (7 - -2).
7
What is 7 - ((21 - 10) + -10)?
6
Calculate -4 + (-3 - -9) + (-6 - -12).
8
What is the value of -11 + -1 + 8 + (0 - 2)?
-6
Evaluate (-1 - 4) + 9 + 0 + -9.
-5
What is the value of -2 + 5 + 2 - (13 + -7)?
-1
27 + -37 + -2 + 12
0
What is the value of 3 - (11 + (-9 - -5))?
-4
Calculate -6 - (-1 - 5 - -4).
-4
What is the value of (4 - 0) + 1 + -3 + 2?
4
Evaluate -8 + 1 - (1 + -4).
-4
What is (-5 - (-8 + 3)) + -3 + 3?
0
What is -1 + 5 - (-19 - -20) - -1?
4
What is the value of -1 - ((0 - (-1 + 2)) + -3)?
3
What is the value of -2 + 8 + 3 + -6 - 6?
-3
Evaluate (6 - (-3 + (10 - 4))) + -3.
0
What is 51 + -54 + 0 + -1 + 4?
0
-16 - -9 - -9 - (3 - 4)
3
What is (-9 - 1) + 6 - -1?
-3
Evaluate 6 + 0 - (95 - 92).
3
Calculate 5 - (-6 - -2 - -4).
5
What is -12 - 0 - -5 - (-3 - -1)?
-5
Calculate -14 + -5 + 8 + -1 - -6.
-6
2 + 3 + (-21 - -12)
-4
-14 + 1 + 6 - -1
-6
-9 - (-3 - (-2 - -5))
-3
What is -136 + 142 - (-1 - 0)?
7
What is the value of (3 - -7) + -3 + -1 + -4?
2
Calculate -2 - (-3 - -4 - 2) - 2.
-3
Evaluate 1 - (9 + -13 + 2).
3
What is the value of 11 - (1 - (-2 - -6 - 8))?
6
Evaluate -1 + -4 + 1 - 3.
-7
Evaluate 4 - (1 + -3 + -25 + 28).
3
Evaluate (-1 - -2) + (1 - -1) - -2.
5
What is the value of 7 - 1 - (14 - 3)?
-5
Calculate -5 - ((1 + -5 - -5) + -2).
-4
What is (-1 - -6) + -4 - -4?
5
Evaluate -10 + (5 - (-11 - -7)).
-1
What is the value of 0 + 3 + -14 + 11?
0
Evaluate 23 + -19 - (2 - 0).
2
What is -3 - -7 - 2 - 1?
1
What is the value of -11 - (-8 - -1 - (-10 + 8))?
-6
1 + 6 + -4 + -1
2
What is 1 - 0 - (6 + (6 - 14))?
3
Calculate 3 + 1 + -5 + 1.
0
Evaluate -4 - (0 + -4) - -5.
5
Calculate 0 - (1 + -6 + 6 + 4).
-5
What is 4 - (1 + 2 + -2)?
3
Evaluate -5 - ((-13 - -4) + 5).
-1
Evaluate 0 + (-2 - 0) + 1 + -2.
-3
Calculate 1 + 0 + -4 + -6 + 12.
3
Evaluate -20 + 26 - (-4 - -1).
9
What is (0 - (-3 + 5)) + (2 - 8)?
-8
What is (-3 - (2 - 12)) + -4?
3
What is (1 - -1) + -30 + 35?
7
Calculate 2 + -5 + (23 - 27).
-7
What is -5 + ((5 - 0) + -7 - 1)?
-8
What is -7 + 10 + -1 - 10?
-8
Evaluate (-9 - -16) + -6 - 3.
-2
Calculate (-12 - (-6 - (2 - 2))) + 2.
-4
Calculate -3 - (-6 - -7) - (1 - 10).
5
-13 + 28 - 13 - (-7 - 2)
11
10 + 11 + -13 + 3
11
What is 9 + -15 + 2 + 0 + 10?
6
Calculate 0 + -1 + 2 + (12 - 16).
-3
What is (-4 - -1) + 2 + 0 - -4?
3
Calculate 1 + -1 + -1 - -4.
3
What is the value of (-30 - -23) + (-1 - -10)?
2
What is -9 - -8 - (-6 - 1 - -6)?
0
Calculate -4 - (-2 + -9 + 4).
3
0 + (-9 + 8 - (-1 - -1))
-1
Evaluate -7 - (-5 + -1 - 8).
7
Evaluate (4 - 1) + -8 - 3 - -2.
-6
What is (-19 + 9 - 5) + 5?
-10
(-6 - ((3 - 1) + -5)) + 7
4
Evaluate -8 + -7 + 17 - -1.
3
Evaluate 2 + 2 - (1 - 0).
3
What is (11 - 5) + -4 + 2?
4
What is -7 - (-8 - (3 - 7))?
-3
5 + -1 - (41 + -34) - 1
-4
0 - 4 - -8 - 5
-1
What is the value of -5 - (-2 + 3 + (-4 - 1))?
-1
5 + -1 - (12 - 10)
2
What is the value of 69 - 69 - (0 + 3)?
-3
What is the value of 8 + -13 + (2 - 2) + 1?
-4
Evaluate -4 + 3 + (1 - 4).
-4
17 + -1 + 9 + -1 + -14
10
Calculate (0 + -1 - (-5 - -4)) + 6.
6
Evaluate -3 - 4 - (9 - 11).
-5
What is -12 + (7 - 6) - -14?
3
Calculate 11 + (2 - -1 - 12).
2
What is 7 + -2 + 2 - (24 - 22)?
5
Calculate 6 + (0 - -6 - 6) + -3.
3
What is (3 - 2) + (2 - (5 - 0))?
-2
What is 1 - -4 - 1 - (3 + -2)?
3
Evaluate -48 + 43 + (1 + -1 - -4).
-1
Calculate 0 + (-1 - (-2 + 1 - -1)).
-1
Evaluate (0 - (-2 - 0)) + -9 + 12.
5
Calculate (3 - -3) + -15 + 3.
-6
What is the value of -2 - (-9 + 1) - (42 + -31)?
-5
(-3 + 1 - (-3 - -6)) + 5
0
Calculate -2 + -2 + 5 - 1.
0
What is (10 - 6) + -7 + 1?
-2
Evaluate 9 + -3 + -25 + 22.
3
What is the value of 5 + (-11 - (-3 - 0))?
-3
What is 21 + -21 + -3 + 3?
0
Calculate 0 + 3 - (-5 - -5 - -3).
0
Calculate (10 - 12) + (-2 + 0 - -9).
5
What is -2 + (2 + 1 + -1 - 3)?
-3
What is 3 + -1 + -1 + -3 + 7?
5
Calculate -5 + (4 - 2) + 8.
5
What is -7 + (4 - (0 + 2))?
-5
What is 5 - 5 - -3 - 1?
2
(14 - (13 + -2)) + (1 - 13)
-9
What is 20 + -17 + (1 - -1)?
5
Calculate 1 + -8 - (58 + -70).
5
Calculate (-1 - (-3 - -4)) + -4 + 3.
-3
What is the value of 4 - (-3 + 2 + 2 + 5)?
-2
What is the value of -1 + (0 - (-4 + 3))?
0
Evaluate 55 + -66 - (-11 + 1).
-1
What is the value of (6 - (-7 + 4 + 13)) + 1?
-3
What is 6 + -4 - (-1 - (1 - 1))?
3
What is 1 - -4 - ((0 - 3) + 7)?
1
Evaluate 1 - 1 - (1 + -4).
3
What is 0 - 2 - (-13 + 10)?
1
What is the value of (6 - -1) + 2 + -5?
4
What is 9 + (-10 + -6 - -12)?
5
What is the value of -5 + (2 - 1) - (26 - 35)?
5
-2 + 6 + -8 + 4 - 3
-3
What is the value of (0 - -3) + 6 - 3?
6
Calculate (-13 - (-1 + 5)) + 7.
-10
(-4 - -2) + 5 - (-2 + 1)
4
-4 + 20 + -9 - 5
2
What is the value of 167 - 161 - (-1 - -6)?
1
What is (-7 - (-7 + 1)) + 4?
3
(3 - 6) + 0 + 5 - 4
-2
What is the value of (5 - 7) + -3 + 5?
0
(-5 - (-2 - 11)) + (1 - 4)
5
123 + -110 + 0 + -21
-8
What is (8 - 12 - 1) + 16?
11
What is the value of -3 + -1 + (5 - -1)?
2
Evaluate 2 + -5 - (-11 - (-4 + 0)).
4
What is 2 + 9 + -4 + -7?
0
Calculate 1 - (-2 - -2) - 6.
-5
Evaluate (15 - 11) + -2 + 4 + -2.
4
Calculate 10 + (-3 + 7 - 5) + -4.
5
2 + -5 + (-6 - -6)
-3
Evaluate 1 + -1 - (-4 - (-3 - -2)).
3
What is the value of 8 + -4 + 6 + -6?
4
What is 1 + 1 + 1 - (-45 - -48)?
0
Calculate 2 - 0 - (3 - 3).
2
What is -3 + 3 + -4 + 5 + -6?
-5
What is the value of 8 - (0 - -3) - 1 - -2?
6
3 - (-14 - -8 - (3 + -4))
8
What is 6 + -3 + -3 + 2?
2
Evaluate (11 - -10 - 9) + -3.
9
0 + (1 - -5) + -7 - 2
-3
What is 6 - (8 + -14) - 17?
-5
0 + -1 + (8 - 3)
4
What is the value of 30 - 22 - (0 + 8)?
0
Evaluate -2 + (3 - (0 + 6)).
-5
Calculate 2 + (1 - (-2 - 1) - 1).
5
What is (-3 - 0) + -1 + 2 + -1?
-3
Evaluate -4 - -1 - ((-7 - -12) + -6).
-2
What is the value of (8 - 18) + 2 - -7?
-1
What is (3 - -5) + -4 - 1 - 1?
2
What is (-4 - 7) + 3 + 4?
-4
What is 7 + -11 - (-1 - 8)?
5
What is 1 - 3 - (4 - 1)?
-5
Calculate 9 + -7 + -14 + 7 + 1.
-4
What is the value of (-3 - -3) + -7 + 3 + 8?
4
Calculate 1 + 4 - (7 - 2) - -2.
2
What is (8 - 13) + (-5 - -2) + 5?
-3
What is the value of 4 + (6 - (7 - -2))?
1
Evaluate -9 + 16 + (-4 - 0 - 1).
2
What is the value of -7 + 1 - (-11 - -10)?
-5
Evaluate -1 - -1